0111
In base 7, what is 135114 + -2?
135112
In base 4, what is -221 - -233?
12
In base 6, what is -1 + -144?
-145
In base 3, what is 2012110 - -1?
2012111
In base 6, what is 51 - 4?
43
In base 3, what is 1002 + -10220?
-2211
In base 11, what is -3 - -5a8?
5a5
In base 16, what is 7f + -c?
73
In base 8, what is 603 - 4?
577
In base 3, what is -200002 - 20?
-200022
In base 16, what is -a9 - -4?
-a5
In base 16, what is -ed - 10?
-fd
In base 14, what is -2 - 176?
-178
In base 11, what is 829 + 3?
831
In base 5, what is 210 - -34?
244
In base 12, what is 5 + 48b?
494
In base 15, what is -24 - -3a?
16
In base 16, what is 31 - -1?
32
In base 16, what is -6 + -66?
-6c
In base 15, what is -e + 14?
5
In base 2, what is -10111010 + -10?
-10111100
In base 7, what is 5 + -150?
-142
In base 12, what is 40b - -3?
412
In base 7, what is -12 - -1036?
1024
In base 6, what is -2422 + -2?
-2424
In base 9, what is -4 - 128?
-133
In base 3, what is 10 + 110100?
110110
In base 2, what is 0 - 1010001?
-1010001
In base 9, what is -26 + 12?
-14
In base 2, what is -11 - -100001110?
100001011
In base 13, what is -4 - -5?
1
In base 8, what is 71 + 37?
130
In base 2, what is 100000 + 10001010?
10101010
In base 16, what is 5 - -723?
728
In base 13, what is -2 + 642?
640
In base 3, what is -2200 - 1?
-2201
In base 16, what is -20 + -25?
-45
In base 7, what is 3 - -21341?
21344
In base 14, what is -17 - 0?
-17
In base 10, what is 2 + 84?
86
In base 11, what is -4 + -1a?
-23
In base 14, what is 3 + -2?
1
In base 7, what is -33 + -45?
-111
In base 2, what is -100110010 - -1111?
-100100011
In base 6, what is 10 - -15?
25
In base 13, what is -a + -c5?
-102
In base 14, what is -238 + -18?
-252
In base 10, what is -20 + -85?
-105
In base 4, what is -1012 - 11?
-1023
In base 11, what is -162 + -4?
-166
In base 3, what is 120 + -211?
-21
In base 5, what is -23 - -404?
331
In base 14, what is 190 + -1?
18d
In base 9, what is -113 - -11?
-102
In base 10, what is -101 - -7?
-94
In base 10, what is -20 - 139?
-159
In base 15, what is -17 + 5?
-12
In base 16, what is -6 + -27f?
-285
In base 5, what is 242 - 120?
122
In base 3, what is -11 + 101222?
101211
In base 5, what is -130 + 0?
-130
In base 12, what is -20 + -7?
-27
In base 7, what is 3136 + 3?
3142
In base 5, what is 213 - -1223?
1441
In base 7, what is -304 - 45?
-352
In base 11, what is -2289 - 3?
-2291
In base 2, what is 101010101 - 0?
101010101
In base 12, what is -8 + 14?
8
In base 7, what is 53 + 22?
105
In base 13, what is -1085 + -5?
-108a
In base 12, what is 0 - 1005?
-1005
In base 4, what is -11031 - -10?
-11021
In base 15, what is -12 + -19?
-2b
In base 13, what is -8b4 + 9?
-8a8
In base 4, what is 1 - -223?
230
In base 13, what is 12 - 8?
7
In base 2, what is -1 - -10?
1
In base 16, what is -30 - -2?
-2e
In base 12, what is -7ab4 + 0?
-7ab4
In base 3, what is -11 + -22111?
-22122
In base 6, what is -101 - 5?
-110
In base 15, what is 3 - 2?
1
In base 13, what is -161 - 22?
-183
In base 4, what is -1 - -11111?
11110
In base 3, what is 110010 + -12?
102221
In base 4, what is 12 + -301?
-223
In base 4, what is -10213 - 11?
-10230
In base 14, what is 1 - 137?
-136
In base 7, what is 655 - -2?
660
In base 8, what is 3 + 1076?
1101
In base 7, what is -420 - 1?
-421
In base 11, what is -320 - -1?
-31a
In base 14, what is -16 - 4?
-1a
In base 2, what is -1010100 + -100101?
-1111001
In base 16, what is -4 - -b5d?
b59
In base 3, what is 12 - 2?
10
In base 3, what is 100022 - -12?
100111
In base 12, what is 1b - a07?
-9a8
In base 11, what is -158 + 9?
-14a
In base 6, what is 0 - -111?
111
In base 13, what is -69 + -5?
-71
In base 8, what is -24 + 1?
-23
In base 4, what is -2 + -1303?
-1311
In base 12, what is 4 - -1?
5
In base 7, what is 406 + -5?
401
In base 8, what is -3 - 30?
-33
In base 2, what is -1001 - -1000001?
111000
In base 14, what is -3c5 - 1?
-3c6
In base 8, what is -23 - 4?
-27
In base 4, what is -10 + 22?
12
In base 2, what is -11111100 + 1?
-11111011
In base 4, what is 2313 - -122?
3101
In base 9, what is -3886 - -5?
-3881
In base 15, what is -4 + a8?
a4
In base 11, what is -11 + 12?
1
In base 2, what is -1001 + 1010110101?
1010101100
In base 3, what is -1 + 22200?
22122
In base 15, what is b3 + -1c?
96
In base 2, what is 1 + -1?
0
In base 12, what is -4 + 453?
44b
In base 6, what is 150 - 23?
123
In base 8, what is -25 + -25?
-52
In base 9, what is -3 - -230?
226
In base 10, what is -860 + 1?
-859
In base 4, what is 11 + -121032?
-121021
In base 15, what is -a0 - d?
-ad
In base 2, what is -100 - 1000100?
-1001000
In base 12, what is 2417 + -5?
2412
In base 9, what is -6 + 3410?
3403
In base 6, what is 11355 - 1?
11354
In base 14, what is b70 + 4?
b74
In base 8, what is 4 + -2413?
-2407
In base 5, what is 12 - 12234?
-12222
In base 6, what is 2224 + 3?
2231
In base 9, what is 212 + 13?
225
In base 4, what is -10110 + -11?
-10121
In base 12, what is -29 + -3?
-30
In base 5, what is 132 - 42?
40
In base 16, what is -814 - 5?
-819
In base 6, what is 2 + 1444?
1450
In base 5, what is 24 - 10134?
-10110
In base 3, what is -1011 + 102?
-202
In base 11, what is 3 - -894?
897
In base 15, what is -c - 80?
-8c
In base 4, what is 2 - -1213?
1221
In base 8, what is -12 - 0?
-12
In base 3, what is -121 - -20?
-101
In base 14, what is 1b1 - 4?
1ab
In base 5, what is 13420 - -1?
13421
In base 3, what is 10022200 - -1?
10022201
In base 2, what is -101 - -11100010111?
11100010010
In base 5, what is -21 - 32?
-103
In base 12, what is -768 + -2?
-76a
In base 15, what is ae + -3?
ab
In base 7, what is -1662 - 0?
-1662
In base 12, what is 1 - 1201?
-1200
In base 16, what is -1 - 157?
-158
In base 8, what is 10055 + -3?
10052
In base 11, what is -3 + -34?
-37
In base 4, what is -3 - 212?
-221
In base 12, what is 7a + 3?
81
In base 16, what is 24 + -b?
19
In base 9, what is 24 + 124?
148
In base 8, what is 2 - 2474?
-2472
In base 7, what is -135 + -33?
-201
In base 2, what is 101 - 111010111001?
-111010110100
In base 3, what is -2212 + -2?
-2221
In base 11, what is -4753 + -4?
-4757
In base 13, what is 7 - 47?
-40
In base 13, what is -56b + -2?
-570
In base 13, what is -1c + 3?
-19
In base 5, what is 3 - -41?
44
In base 16, what is -3 - -da?
d7
In base 15, what is -2ab + 2?
-2a9
In base 3, what is -10011 + -101?
-10112
In base 7, what is -666 + -3?
-1002
In base 10, what is 1 - -1839?
1840
In base 13, what is -4 - -b7?
b3
In base 6, what is 12 - -13?
25
In base 15, what is 4 - 1c?
-18
In base 2, what is 100000 + -1111001000?
-1110101000
In base 2, what is 101010011 - 100?
101001111
In base 6, what is 12 + -13?
-1
In base 12, what is 18 + -390?
-374
In base 16, what is -a3 + -2?
-a5
In base 7, what is -33 + 2?
-31
In base 12, what is -1 + -12?
-13
In base 7, what is 164 - 3?
161
In base 8, what is 63 + 3?
66
In base 15, what is 3 - -1d?
21
In base 16, what is -32b5 + 4?
-32b1
In base 6, what is 2401 + -2?
2355
In base 15, what is 5 - -47b?
481
In base 16, what is -1b1 + -5?
-1b6
In base 9, what is -24 - 170?
-204
In base 7, what is 3666 + -13?
3653
In base 9, what is -5 + -1377?
-1383
In base 6, what is 11310 - -4?
11314
In base 16, what is -3f - -1e?
-21
In base 3, what is 111212 + 0?
111212
In base 5, what is 3 + 1043?
1101
In base 5, what is 304 + 10?
314
In base 4, what is -100 + 110?
10
In base 8, what is -26 + -371?
-417
In base 12, what is 4 + -5?
-1
In base 7, what is 1 + -2355?
-2354
In base 9, what is 224 + -4?
220
In base 10, what is 21 + -20?
1
In base 11, what is -29 - 0?
-29
In base 10, what is 2 - -1?
3
In base 6, what is -4 - -440?
432
In base 6, what is 3144 + -5?
3135
In base 12, what is 61 - 5?
58
In base 16, what is -dc + 93?
-49
In base 15, what is -98b9 + -5?
-98be
In base 12, what is 7 + 27b?
286
In base 11, what is a67 - 8?
a5a
In base 3, what is 12111002 + 0?
12111002
In base 15, what is 5 - -22?
27
In base 15, what is -2 - -a0?
9d
In base 6, what is 111 + 1?
112
In base 13, what is -4c4 + -9?
-500
In base 15, what is 8 - -2a?
33
In base 10, what is 45 + 0?
45
In base 4, what is -113013 - -2?
-113011
In base 14, what is 9 - 2?
7
In base 5, what is 2142 + -44?
2043
In base 6, what is 13 + -2205?
-2152
In base 4, what is -10221 + 1?
-10220
In base 3, what is 111202 - 12?
111120
In base 7, what is 1503 - -25?
1531